2*b - 152 = -4*r. What is the units digit of b?
4
Let m(z) = z**2 + 2*z + 11. Let t be m(5). Suppose -52*w = -t*w - 18. Suppose -102 - 177 = -w*x. What is the units digit of x?
3
Let g = -21709 - -31780. Suppose 0 = 2*b - 29*b + g. What is the hundreds digit of b?
3
Suppose 22*q - 7 = 37. Suppose -4*k + q*k - 2*h + 1224 = 0, 5*h = -3*k + 1828. What is the tens digit of k?
1
What is the hundreds digit of 2283*(20/21)/(15 + (-618)/42)?
6
Suppose 10*n - 7 - 13 = 0. Suppose p + 2*p - 2*l - 361 = 0, 4*l + 246 = n*p. What is the hundreds digit of p?
1
Suppose 9461*k = 9467*k - 882. What is the units digit of k?
7
Suppose -6*c + 440 = -c + 5*h, -4*c = 2*h - 354. Let z = c + -85. Suppose 4*d - 5*d + 4*x = -145, 0 = z*d + 3*x - 504. What is the hundreds digit of d?
1
Suppose 3*i - i = 0, -4*r - 2*i + 24608 = 0. Suppose 7*o - r = -1707. What is the units digit of o?
5
Let g(o) = 10*o + 31. Let w be g(-7). Let b = -36 - w. What is the units digit of (170 - -7)*b/((-18)/(-4))?
8
Let d(l) = -748*l - 814. What is the hundreds digit of d(-8)?
1
Suppose -l + 0 = 2. Let h be (-92)/(-20) - l/5. Suppose 3*u + h*a = 243, -103 - 59 = -2*u - 5*a. What is the tens digit of u?
8
Let n(p) = -4873*p - 411. What is the units digit of n(-9)?
6
Suppose o = -33 + 33. Suppose o = 36*p - 39*p + 258. What is the units digit of p?
6
Suppose -784 = -6*f - 2530. Let t = 347 - f. What is the units digit of t?
8
What is the units digit of (12651 - (2 + (-20)/12)) + (-17)/(-51)?
1
Let o(v) = -3*v**3 - 24*v + 47. What is the units digit of o(-12)?
9
Let l(p) = 2*p**3 + 1. Let a be l(1). Suppose z = j + 20, -a*j = -5*j - 4*z - 40. What is the tens digit of 8/j + (-907)/(-5)?
8
Let v = -7655 - -13965. What is the units digit of v?
0
Let k be (-1)/(-1)*2 + 2. Suppose 9*p + 14 = -k. Let h(w) = 22*w**2 - 3*w - 12. What is the units digit of h(p)?
2
Let b = -30414 + 44496. What is the thousands digit of b?
4
What is the thousands digit of (-885508)/(-91) + (-40)/(-35)?
9
Let f = -6473 - -26144. What is the hundreds digit of f?
6
Suppose -10*b + 35*b - 70437 = 51663. What is the units digit of b?
4
Let c(n) = -643*n**3 + n**2 - 7*n - 40. What is the tens digit of c(-3)?
5
Let d(p) = 14870*p**2 + 6*p. What is the thousands digit of d(1)?
4
Suppose t + 5*l - 33 = 0, -33 = -t - 0*l - 3*l. Suppose 0 = t*h - 32*h. Suppose h = 2*w + 4*n + 50 - 252, 3*w = 3*n + 339. What is the units digit of w?
9
Let f(v) be the first derivative of v**3 + 39*v**2 + 95*v + 234. What is the thousands digit of f(-36)?
1
Let j be (-2 - -4)/((-22)/(-33)). Suppose p - j*r = 53, 3*p - 19*r - 104 = -21*r. What is the units digit of p?
8
Suppose 0 = 4*r - 3*z - 67384, -10*r + 2*z - 67404 = -14*r. What is the tens digit of r?
4
Suppose -2*m + 10 = 4. Suppose m*b = -3*v + 8*b - 6, -3*v + 3*b = 0. Suppose 0 = -11*l - v*l + 462. What is the tens digit of l?
3
Let g = 8672 + -3824. What is the thousands digit of g?
4
Let b(g) = -13 + 16*g + g + 25*g**2 + 51*g - 25*g. What is the tens digit of b(5)?
2
Let j(o) = 1223*o**2 - 2*o. Let b be j(-1). Suppose -5*r - 967 = -4*x, -3*x - 2*x + 3*r = -b. What is the hundreds digit of x?
2
Let h = 7577 - -2057. What is the units digit of h?
4
Suppose -3*q = -r + 1519 + 616, 0 = 4*r - 5*q - 8554. What is the hundreds digit of r?
1
Suppose 0 = -31*k + 113*k - 620576. What is the units digit of k?
8
Let z = 3245 - 2187. Suppose 790 + z = 6*q. Suppose n = -3*n + q. What is the tens digit of n?
7
Let t = -21503 + 36353. What is the ten thousands digit of t?
1
Let x = 91 - 89. Let u be x/1 + (5 - 4). What is the tens digit of (u/9)/(5/2535)?
6
What is the hundreds digit of (-19 - -23) + 7748 + (-4)/4?
7
Suppose -5*z - 101 = -76, -3442 = -2*l + 2*z. What is the thousands digit of l?
1
Suppose -3*k + 1416 = -s, -679 = -5*k + 4*s + 1660. What is the tens digit of k?
7
Suppose -u + 980 = -5*x, 5*x + 0*u = -4*u - 1005. Suppose -5*o - l = 1942, -2*o - 3*l = 374 + 395. Let f = x - o. What is the hundreds digit of f?
1
Let x = 7286 - -9804. What is the hundreds digit of x?
0
Let n be (3/1)/(0 + 18/24). Suppose o - 110 = -o + n*m, -2*o - m + 120 = 0. What is the units digit of o?
9
Suppose -125*x - 2013924 = -24*x - 7380155. What is the units digit of x?
1
Let g(h) = 2*h**3 + 2*h**2 - 10*h + 14362. What is the ten thousands digit of g(0)?
1
Let u = -7354 - -13178. Suppose -4*s + d + u = 0, 1520 - 61 = s - d. What is the hundreds digit of s?
4
Let n = 16149 - 6207. What is the tens digit of n?
4
Suppose -53 = -2*o + 31. What is the units digit of (-6)/(-7) + 3828/o?
2
Let o(i) = -i**3 + 3*i**2 - 4*i + 3. Let x be o(-4). Let w = x + 151. Suppose -2*y = d - w, 664 = 3*y + 3*d + 238. What is the units digit of y?
0
Suppose 2*x + 11*l - 10*l - 16254 = 0, -l = -x + 8121. What is the thousands digit of x?
8
Suppose 4*c - 606 = -2*p, 5*c - p - 742 - 12 = 0. Let r(o) = 3*o**3 + o. Let k be r(1). Let n = k + c. What is the tens digit of n?
5
Suppose 5*z = 2*u + 71570, -4*z + 50*u - 53*u = -57233. What is the units digit of z?
2
Let y(g) = g - 5*g + 15 + 12 - 4*g. What is the units digit of y(-11)?
5
Let n = 43 + -39. Let z be 3/((-3)/(-4)) - n. Suppose z = -2*w + 59 + 55. What is the tens digit of w?
5
Let i be ((-1)/(-4))/(1*2/(-8)). What is the tens digit of ((8740/16)/19)/(i/(-8))?
3
Let i(l) = 3*l**2 + 2*l + 2. Let o be i(-1). Suppose o*b = 4 + 5. Let j = b + 26. What is the units digit of j?
9
Suppose -4*v + 3559 + 5713 = 4*g, 0 = -2*v - 5*g + 4621. What is the thousands digit of v?
2
Suppose 2*p - 6*p = -14965 + 4909. What is the tens digit of p?
1
Suppose -44*f + 87771 = -14*f - 2529. What is the units digit of f?
0
Let p = -36845 + 52716. What is the tens digit of p?
7
Let g(h) = 17*h + 31. Let s be g(-2). Let x(i) = -i**3 - i**2 + 4*i + 5. What is the units digit of x(s)?
1
Let x = -37194 + 67432. What is the ten thousands digit of x?
3
Let i(o) = o**2 + 5*o - 164. Let b be i(-16). Suppose 1 + 8 = 3*d. Suppose -d*w = -0*w - b. What is the units digit of w?
4
Let l(b) = -b**2 - 3*b + 8. Let j be l(-3). Let k(x) = 4*x**3 - 21*x**2 + 13*x - 9. What is the tens digit of k(j)?
9
Let l be 0 + 3 - 21/7. Suppose 6*b = -b - l*b. Suppose 14*p - 9*p - 830 = b. What is the units digit of p?
6
Suppose -155*l = 5*w - 154*l - 68906, 0 = -5*w + 3*l + 68922. What is the ten thousands digit of w?
1
Let f = -337 + 339. Suppose -2*m + 4 = 0, -f*m + m = -u + 1772. What is the thousands digit of u?
1
Let m be (-345)/(-1) + -7 + 9. What is the hundreds digit of 8*5/10 + (m - -1)?
3
Suppose -295 = -30*b + 125. Suppose -b*l - 616 = -u - 9*l, -l = 3*u - 1768. What is the tens digit of u?
9
Suppose -3*t + 3 = 78. Let u(c) be the second derivative of c**5/20 + 25*c**4/12 - 3*c**3/2 - 17*c**2 - 38*c + 2. What is the hundreds digit of u(t)?
1
Suppose i - 64 = -5*o - 15, -3*o - 4*i + 26 = 0. What is the tens digit of (-9)/30 + 993/o?
9
Let p = 695 - 215. Suppose -3*t + 4*i = 8*i, -3*i = 9. Suppose 5*j = t*x + p, 22 + 75 = j - x. What is the units digit of j?
2
Suppose 0 = -t + 5*q + 36548, 5*t - 97675 - 85092 = -2*q. What is the hundreds digit of t?
5
Suppose 5*a - 33*s = -29*s + 184243, 147390 = 4*a - s. What is the tens digit of a?
4
Let k = 652 + -505. Suppose 0 = k*w - 135*w - 4512. What is the units digit of w?
6
Let b = -2 - -7. Suppose -b*f - 7 - 13 = 0, -5*p - 2*f = -207. Suppose 3*v - p = 2*v - 5*q, -q = 0. What is the units digit of v?
3
Suppose -d = -2*l - 11, 5*d - 3 = 2*l + 28. Suppose d*j + 4*r = 23, 3*j + j = 4*r + 4. Suppose -7*f + 336 = -j*f. What is the units digit of f?
4
Suppose -6*g + 111 = -51. Suppose 0 = -g*u + 32*u - 15. Suppose 2*y - 130 = -4*t, -2*y = -0*t + u*t - 131. What is the units digit of y?
7
Suppose -5*p - 22852 + 112097 = 3*x, 3*x - 35689 = -2*p. What is the ten thousands digit of p?
1
Suppose -37*r + 781 = -1883. Suppose -67*s + 2*u - 5115 = -r*s, 4*u - 2030 = -2*s. What is the hundreds digit of s?
0
Suppose -177982 = -2*s - 4*r, -138*r + 133*r + 444945 = 5*s. What is the thousands digit of s?
8
Let k(j) = j**3 - j**2. Let v(r) = -r**3 + 6*r**2 - 6*r - 2. Let u(c) = -5*k(c) - v(c). Let g be (-11 + 11)/(-2 + 1) + -3. What is the tens digit of u(g)?
8
Let p(f) = -f - 10. Let g be p(-30). Suppose -7582 + 122 = -g*d. What is the tens digit of d?
7
Suppose 0 = 2*s - 13*r + 4*r - 14009, 20 = -4*r. 